ors of c.
2, 3
Let t(l) = 2*l + 3. Let n be t(0). Suppose -2*a = 2*a + 8, 3*p = 2*a + 214. Suppose 0 = n*i + 1 - p. What are the prime factors of i?
23
List the prime factors of (1737273/(-166))/((-6)/4).
6977
Suppose 5*x = -25, x + 44 = 3*f + 12. Suppose -10*y + f = -7*y, 4*g - 2*y - 858 = 0. List the prime factors of g.
2, 3
Let w(s) be the second derivative of -s**4/12 + 5*s**3/6 + 11*s**2/2 + 15*s. Let x be w(6). Let m(d) = 15*d + 5. List the prime factors of m(x).
2, 5
Suppose -5*p = -0*p - 20. Suppose 0 = 3*l - 2 - p, -2*l = 4*a - 692. Let o = a + -110. List the prime factors of o.
2, 31
Suppose 2*i + 4*a - 18 = 0, 4*i + a = 2*a + 18. Suppose -i*n + 9*n = 160. Let l = 52 - n. What are the prime factors of l?
2, 3
Let t(r) = -3*r**2 + 11*r - 51. Let l be t(10). Let u = 364 + l. List the prime factors of u.
3, 41
Suppose 35 + 31 = -2*u. Let g = 36 + u. Suppose s = 3*j + 77, g*s = 4*s + j - 81. What are the prime factors of s?
2, 5
What are the prime factors of 1/5 - 5*3458/(-175)?
3, 11
Let c(y) = -y**3 - 18*y**2 - 16*y - 3. Let l be c(-17). Let r = l + 19. What are the prime factors of 149*(4/8)/(r/(-2))?
149
Suppose 82*f + 5*o = 85*f - 127023, f + 3*o = 42299. List the prime factors of f.
2, 21163
Suppose 0 = 13*r + 9 - 74. Suppose 0 = -2*g - 4*u + 2182, r*u = 3*g + 4*u - 3301. List the prime factors of g.
7, 157
List the prime factors of (0 + 2732/3)*(-87699)/(-1426).
2, 41, 683
Let p(u) = -u**2 - u + 23. Let d be p(-5). Let w be -3 + d*(-144)/(-4). Suppose 3*s - w - 45 = 0. What are the prime factors of s?
2, 5
Suppose 3*q - 2289 = 4*j, 3*j = 5*q + 5*j - 3841. Suppose -2341 = -7*d + q. What are the prime factors of d?
2, 3, 37
Let m(j) = 44*j - 111. Let h(d) = 89*d - 218. Let w(y) = -6*h(y) + 11*m(y). List the prime factors of w(-16).
887
Let s(j) = 3954*j - 798. List the prime factors of s(7).
2, 3, 5, 7
Let h(o) = -13 - 14*o + 26*o - 17*o + 9*o**2 + 2*o**3. What are the prime factors of h(5)?
19, 23
Let q = -1321 - -4373. Suppose -3*i - 3*g + q = -8*g, -g + 1 = 0. List the prime factors of i.
1019
Let q = 3306 - -1655. List the prime factors of q.
11, 41
Suppose 3*a - 2*b - 4 = 2, b - 10 = -5*a. Let l = -2 - a. Let x(g) = -g + 13. List the prime factors of x(l).
17
Let a be 48317/114 + 2/12. Let m = 594 - a. List the prime factors of m.
2, 5, 17
Suppose -2*r + 0*g - 2*g - 20 = 0, 3*r + 30 = -4*g. Let x be (-1 - 2)/(15/r). Suppose 15 + 19 = x*a + 3*j, 26 = 2*a + 5*j. What are the prime factors of a?
23
Suppose 5*o = 431 - 71. Suppose x + o = 9*x. Suppose 10*h - 161 = x*h. What are the prime factors of h?
7, 23
Let h = -9587 + 48631. List the prime factors of h.
2, 43, 227
Let i be 14/(-21) - ((-32)/(-6) - -1). Let s(w) = -2*w**3 - 7*w**2 + 10*w + 16. List the prime factors of s(i).
17
Suppose -2*c - 2*a = 228, 0*a - 342 = 3*c - a. What are the prime factors of (-35)/5*c/7?
2, 3, 19
Suppose 27*c + 9*c = 468. List the prime factors of (-7 + 0)/(c/(-221)).
7, 17
Suppose 0 = u - 8*o + 10*o - 200, 0 = 3*u + 4*o - 598. Suppose 2470 = -u*r + 203*r. What are the prime factors of r?
2, 13, 19
Let c(n) = 52*n + 66. Suppose 0 = -4*x + 94 - 38. List the prime factors of c(x).
2, 397
Let f(a) = 195*a + 1. Let s = 143 - 139. List the prime factors of f(s).
11, 71
Let p(w) = -16*w - 8. Let z be p(-6). Suppose 4*l + z = -3*s + 5*s, -5*l - 2*s = 110. Let q = 48 + l. What are the prime factors of q?
2, 13
Let m = 1041 - 574. Suppose -s = -m - 167. What are the prime factors of s?
2, 317
Let v = 3232 + 5558. What are the prime factors of (v/135)/(2/18)?
2, 293
Suppose 3*l = -l + 64. Suppose -12376 + 2920 = -l*o. What are the prime factors of o?
3, 197
Let m(h) = -28*h**3 + 6*h**2 - 90*h - 883. What are the prime factors of m(-11)?
7, 5443
Let p(u) = 36*u + 59. Let o(z) = 17*z + 29. Let g(b) = 13*o(b) - 6*p(b). List the prime factors of g(7).
2, 29
Suppose 5*a + 1209 = -1221. Let o = a - -823. List the prime factors of o.
337
Let z = -158434 - -231571. What are the prime factors of z?
3, 24379
Suppose 6*x - 1344 = 72. Suppose 2*m - 384 = -2*k + x, -310 = -m + k. Suppose 8*s - 178 = m. What are the prime factors of s?
61
Suppose 3*f - 4*p + 69 + 5 = 0, 3*p - 127 = 5*f. Let a = f + 56. Suppose 265 = 5*c - a. What are the prime factors of c?
59
Let j(o) = 2410*o - 12352. What are the prime factors of j(9)?
2, 7, 23, 29
Suppose 515 = 3*b - 5*x, -3*b = 2*b + 4*x - 846. Let m be (-3*1)/(10/b). Let z = m - -119. What are the prime factors of z?
2, 17
Suppose -299 + 304 = -5*v. List the prime factors of -3 - 1/((-2)/(-1130)*v).
2, 281
Let a = -130877 + 184535. List the prime factors of a.
2, 3, 11, 271
Let y be 1 + (0 - -9)*-6. Let c = y - -57. What are the prime factors of (-256)/(-112)*(14/c - 0)?
2
Suppose 4*o + 4*v = 2757 + 1707, -5*o + 4*v = -5553. Let r = -876 + o. List the prime factors of r.
3, 79
Suppose 319*j + 212322 = 341*j - 127006. What are the prime factors of j?
2, 241
Suppose -102*q = -100*q - 34. Let d(g) = -g**2 + 16*g + 27. Let u be d(q). What are the prime factors of (-5 + (-1015)/u)*-2?
3, 71
Suppose 0 = 9*g + 530 + 262. Let m = -85 - g. Suppose 2*z - 2*h = 3*z - m, 4*z - 3*h = 34. What are the prime factors of z?
7
Let p(z) = z**2 - 14*z - 20. Let d be p(16). Let c = 47 - -68. Suppose -7*v - c = -d*v. List the prime factors of v.
23
Let h(b) be the third derivative of b**5/12 + b**4/24 - b**3/3 + 22*b**2. Let j be h(2). Suppose -y + 19 = -3*t, 2*t = 6*t + j. List the prime factors of y.
2
Let t be (-8)/((-40)/(-57)) - (-2)/5. Let o(a) = a**2 + 15*a + 24. Let w be o(t). Let x(d) = d**3 + 21*d**2 + 14*d - 27. What are the prime factors of x(w)?
3, 31
Suppose o - 52 = -3*b, 0 = 3*b - b - 2. Suppose -74 = m - 5*x, -o = m - 4*x + 24. Let h = m - -104. List the prime factors of h.
5, 7
Let c(s) = -s**2 - 36*s - 126. Let l be c(-32). Suppose l*h - 3298 = n - 1089, -4*h - 4*n = -4448. List the prime factors of h.
3, 41
Let g = -2672 - -8250. List the prime factors of g.
2, 2789
Suppose -5*r = -3*d + 14, -d + 6*r + 7 = 2*r. Suppose -174 = 21*z + 15. List the prime factors of d - (z/21 + 654/(-42)).
19
Let g = 3950 + 6851. What are the prime factors of g?
7, 1543
Let p be (-354*(-16)/96)/((-2)/(-154)). Suppose 2107 = 14*z - p. What are the prime factors of z?
5, 19
Let l = -628 - -632. Let b(m) = 81*m**2 + 72*m + 1. List the prime factors of b(l).
5, 317
Suppose -5*z + 2447 = -4*i, -376 - 586 = -2*z - 4*i. Suppose 5*l - a = z, 11 - 17 = 3*a. List the prime factors of l.
97
Suppose -30*t + 29*t + 3*h = 300, 3*h + 324 = -t. Let s = -125 - t. List the prime factors of s.
11, 17
Suppose 3*t = -3*x - 0*t + 510, -t - 675 = -4*x. Suppose -x + 64 = -5*d. List the prime factors of d.
3, 7
List the prime factors of -13 + (37451 - 19) + -17.
2, 18701
Let q(p) = p**3 + 15*p**2 - 2*p + 9. Suppose 6*j + 73 = -65. Let l = 8 + j. List the prime factors of q(l).
3, 13
Suppose 0*a + 1688 = 4*a. Suppose -250 = 6*d + a. Let q = d + 157. List the prime factors of q.
3, 5
What are the prime factors of ((-256)/(-24) + -10)*(203706/(-4))/(-3)?
11317
Let m(r) = -1189*r**3 + 1188*r**3 + 9 - 2 + 21*r**2 - 31*r. List the prime factors of m(17).
2, 3, 53
Let o = -42 + 96. Suppose 4*c = 4*t - 1320, 0 = -t + 3*c + o + 282. List the prime factors of t.
3, 109
Suppose 4*i + 3*q - 68 = -i, 28 = 2*i + q. Let d = i + -4. List the prime factors of 6*(-8)/d - -112.
2, 3
Suppose 5*s - 662 = -5*g + 3*s, 284 = 2*g - 4*s. Let x = g - 116. What are the prime factors of x?
2, 3
Let m(k) = -1767*k + 160. What are the prime factors of m(-6)?
2, 5381
Let v = -20261 + 91246. List the prime factors of v.
5, 14197
Suppose 2*u + 132 = -5*x + 3*x, -3*x = -6. Let m = u - -110. What are the prime factors of ((-26)/4)/((-87)/m + 2)?
7, 13
Suppose 3*b - 5 = -2*a, -5*a - 3*b = b - 16. Suppose a*r = 1248 + 1688. Suppose 3*w - 553 = z, 5*w = w + 2*z + r. List the prime factors of w.
2, 3, 31
Suppose 6*a = 2*a - 1604. List the prime factors of -5 - (6 - 2)*a/2.
797
List the prime factors of (3 + (-226)/4)*(13 - (-7 + 198)).
89, 107
Let k(t) = 1722*t - 389. List the prime factors of k(5).
8221
Suppose 97310 = 4*l + 13*s, -84*s - 72906 = -3*l - 81*s. List the prime factors of l.
2, 59, 103
Let h be (18 + 1 + -2)*-3. Suppose -5*r + 57 = i - 29, 0 = 2*i - 5*r - 187. Let x = i + h. List the prime factors of 